, 5657
What are the prime factors of 471594?
2, 3, 53, 1483
What are the prime factors of 405358?
2, 202679
List the prime factors of 37930.
2, 5, 3793
List the prime factors of 1345803.
3, 29, 31, 499
What are the prime factors of 38107200?
2, 3, 5, 17, 467
List the prime factors of 1403855.
5, 280771
What are the prime factors of 623803?
623803
List the prime factors of 578885.
5, 115777
What are the prime factors of 904564?
2, 226141
List the prime factors of 46668.
2, 3, 3889
What are the prime factors of 129081?
3, 17, 2531
What are the prime factors of 2001279?
3, 7, 157, 607
List the prime factors of 1235234.
2, 7, 11, 13, 617
What are the prime factors of 378848?
2, 11839
List the prime factors of 1470355.
5, 409, 719
What are the prime factors of 6657480?
2, 3, 5, 18493
List the prime factors of 2344093.
41, 57173
List the prime factors of 7543896.
2, 3, 314329
What are the prime factors of 157886?
2, 89, 887
List the prime factors of 827564.
2, 19, 10889
List the prime factors of 668918.
2, 31, 10789
List the prime factors of 2365992.
2, 3, 17, 1933
List the prime factors of 73840.
2, 5, 13, 71
List the prime factors of 13724446.
2, 6862223
What are the prime factors of 1317800?
2, 5, 11, 599
What are the prime factors of 241476?
2, 3, 20123
What are the prime factors of 24458?
2, 7, 1747
What are the prime factors of 602123?
17, 35419
List the prime factors of 13877195.
5, 61, 173, 263
List the prime factors of 946193.
946193
What are the prime factors of 1978409?
17, 29, 4013
What are the prime factors of 12521146?
2, 11, 17, 33479
What are the prime factors of 5119521?
3, 11, 155137
List the prime factors of 547571.
521, 1051
List the prime factors of 19532683.
47, 73, 5693
List the prime factors of 437024.
2, 7, 1951
List the prime factors of 6045700.
2, 5, 60457
What are the prime factors of 14464616?
2, 1808077
What are the prime factors of 1028050?
2, 5, 29, 709
List the prime factors of 8635740.
2, 3, 5, 163, 883
What are the prime factors of 3209205?
3, 5, 213947
What are the prime factors of 15755094?
2, 3, 139, 2099
List the prime factors of 293961.
3, 97987
List the prime factors of 4979776.
2, 17, 23, 199
List the prime factors of 544038.
2, 3, 11, 8243
List the prime factors of 372681.
3, 43, 107
What are the prime factors of 572614?
2, 7, 5843
What are the prime factors of 784793?
43, 18251
What are the prime factors of 790604?
2, 197651
What are the prime factors of 194167?
194167
What are the prime factors of 71139?
3, 23, 1031
What are the prime factors of 57799?
7, 23, 359
List the prime factors of 968283.
3, 271, 397
What are the prime factors of 246468?
2, 3, 19, 23, 47
List the prime factors of 2409355.
5, 13, 101, 367
List the prime factors of 830757.
3, 276919
List the prime factors of 24166393.
24166393
What are the prime factors of 210048?
2, 3, 547
List the prime factors of 499765.
5, 7, 109, 131
List the prime factors of 4538147.
4538147
What are the prime factors of 3957373?
7, 113, 5003
List the prime factors of 5243566.
2, 37, 59, 1201
List the prime factors of 18650266.
2, 83, 283, 397
List the prime factors of 33674.
2, 113, 149
List the prime factors of 1394354.
2, 13, 53629
List the prime factors of 251834.
2, 11, 11447
What are the prime factors of 45135?
3, 5, 17, 59
List the prime factors of 9379719.
3, 43, 2693
List the prime factors of 1340714.
2, 449, 1493
List the prime factors of 8201201.
113, 72577
List the prime factors of 32959715.
5, 43, 83, 1847
What are the prime factors of 149106?
2, 3, 24851
List the prime factors of 44185.
5, 8837
List the prime factors of 154866.
2, 3, 53, 487
List the prime factors of 4160523.
3, 863, 1607
List the prime factors of 1539974.
2, 769987
What are the prime factors of 14457162?
2, 3, 71, 33937
List the prime factors of 121062.
2, 3, 20177
List the prime factors of 3821437.
3821437
What are the prime factors of 730630?
2, 5, 73063
What are the prime factors of 5359756?
2, 491, 2729
What are the prime factors of 234741?
3, 13, 463
List the prime factors of 1814165.
5, 179, 2027
List the prime factors of 359395.
5, 71879
List the prime factors of 7146260.
2, 5, 11, 2953
List the prime factors of 2032048.
2, 89, 1427
What are the prime factors of 1133632?
2, 17713
List the prime factors of 440170.
2, 5, 44017
What are the prime factors of 646332?
2, 3, 53861
List the prime factors of 53809.
7, 7687
List the prime factors of 4764057.
3, 1588019
What are the prime factors of 2141471?
19, 41, 2749
List the prime factors of 464753.
464753
List the prime factors of 25946927.
25946927
List the prime factors of 11873874.
2, 3, 67, 29537
List the prime factors of 3252948.
2, 3, 271079
What are the prime factors of 1001211?
3, 333737
List the prime factors of 360008.
2, 11, 4091
What are the prime factors of 956350?
2, 5, 31, 617
What are the prime factors of 446945?
5, 71, 1259
List the prime factors of 797952.
2, 3, 1039
List the prime factors of 1144779.
3, 23, 47, 353
What are the prime factors of 169261?
193, 877
List the prime factors of 3068204.
2, 767051
List the prime factors of 1478361.
3, 179, 2753
List the prime factors of 6874489.
37, 185797
What are the prime factors of 179853?
3, 59951
List the prime factors of 481530.
2, 3, 5, 7, 2293
What are the prime factors of 147830?
2, 5, 14783
List the prime factors of 248923.
229, 1087
List the prime factors of 2255913.
3, 11, 22787
What are the prime factors of 204373?
13, 79, 199
What are the prime factors of 12268752?
2, 3, 23, 11113
What are the prime factors of 569246?
2, 284623
List the prime factors of 22645905.
3, 5, 1509727
What are the prime factors of 122909?
89, 1381
What are the prime factors of 184043?
184043
List the prime factors of 43615.
5, 11, 13, 61
What are the prime factors of 89652?
2, 3, 31, 241
What are the prime factors of 1973365?
5, 394673
List the prime factors of 727707.
3, 107, 2267
List the prime factors of 9383292.
2, 3, 260647
List the prime factors of 2503288.
2, 19, 43, 383
What are the prime factors of 847334?
2, 423667
List the prime factors of 21065.
5, 11, 383
What are the prime factors of 6310492?
2, 1577623
List the prime factors of 5007708.
2, 3, 113, 1231
List the prime factors of 175574.
2, 7, 12541
List the prime factors of 40258797.
3, 1979, 6781
List the prime factors of 347404.
2, 86851
List the prime factors of 581206.
2, 71, 4093
What are the prime factors of 2128594?
2, 13, 81869
List the prime factors of 3200590.
2, 5, 17, 67, 281
List the prime factors of 1581416.
2, 197677
What are the prime factors of 137010?
2, 3, 5, 4567
What are the prime factors of 197490?
2, 3, 5, 29, 227
List the prime factors of 853452.
2, 3, 151, 157
List the prime factors of 2026865.
5, 405373
What are the prime factors of 5849141?
2311, 2531
List the prime factors of 27564824.
2, 7, 277, 1777
What are the prime factors of 237518?
2, 103, 1153
What are the prime factors of 1768402?
2, 884201
List the prime factors of 6139492.
2, 1534873
What are the prime factors of 17177155?
5, 41, 83791
List the prime factors of 3041236.
2, 11, 69119
List the prime factors of 282084.
2, 3, 11, 2137
What are the prime factors of 544108?
2, 136027
List the prime factors of 188090.
2, 5, 7, 2687
What are the prime factors of 1046346?
2, 3, 7, 3559
List the prime factors of 1255683.
3, 11, 13, 2927
List the prime factors of 4422908.
2, 7, 137, 1153
What are the prime factors of 2478301?
7, 354043
What are the prime factors of 1464913?
229, 6397
List the prime factors of 2607831.
3, 289759
List the prime factors of 280212.
2, 3, 19, 1229
What are the prime factors of 1009812?
2, 3, 19, 43, 103
What are the prime factors of 1411114?
2, 109, 6473
List the prime factors of 590483.
37, 15959
What are the prime factors of 8943610?
2, 5, 13, 89, 773
What are the prime factors of 744568?
2, 11, 8461
What are the prime factors of 191837?
191837
What are the prime factors of 13282028?
2, 211, 15737
What are the prime factors of 9909927?
3, 1101103
List the prime factors of 3286556.
2, 7, 13, 9029
List the prime factors of 31904151.
3, 23, 43, 10753
What are the prime factors of 6952235?
5, 17, 89, 919
List the prime factors of 1456.
2, 7, 13
What are the prime factors of 27849?
3, 9283
List the prime 